{"id":2686,"date":"2022-01-25T12:43:39","date_gmt":"2022-01-25T18:43:39","guid":{"rendered":"https:\/\/laveneciana.mx\/?post_type=product&#038;p=2686"},"modified":"2025-09-18T14:46:53","modified_gmt":"2025-09-18T20:46:53","slug":"glasse-meven","status":"publish","type":"product","link":"https:\/\/laveneciana.mx\/es_es\/producto\/glasse-meven","title":{"rendered":"Glass\u00e9 &#8211; Meven"},"content":{"rendered":"<p>Aplicaciones y decorados de pasteles, protege las frutas, aumenta vida de anaquel, libre de Gluten.<\/p>\n<p>*Local: CDMX, Estado de M\u00e9xico, Puebla Ciudad, Tlaxcala Ciudad, Cuernavaca, Quer\u00e9taro Ciudad.<\/p>\n<p>\u200b**For\u00e1neo: Resto del Pa\u00eds.<\/p>\n<p>***Solo ventas Nacionales<\/p>\n<p><strong>&#8211; Checar las Promociones Vigentes directamente con el Asesor Comercial asignado.<\/strong><\/p>","protected":false},"excerpt":{"rendered":"<p>El Glass\u00e9 se utiliza para decorar la pasteler\u00eda y dar mayor vida de anaquel a la fruta. Los postres contar\u00e1n con una mejor vista adem\u00e1s de conseguir un sabor m\u00e1s rico, intensificando el olor de las frutas en el pastel.<\/p>\n<ul>\n<li>Caracter\u00edsticas: Sabor y olor afrutado, da mejor vista al decorado. Vida de anaquel seis meses con el empaque cerrado.<\/li>\n<li>Aplicaciones: Decora y resalta frutas en pays, pasteles, mousses, tartaletas y petit fours, aumentado potencialmente el sabor, olor y brillo. Se puede utilizar para pegar el decorado en los productos.<\/li>\n<li>Recomendaciones: Se recomienda utilizar el glass\u00e9\u00a0<strong>La Veneciana<\/strong>\u00a0para obtener una vida de anaquel hasta de 96 horas. Se recomienda utilizar el glass\u00e9\u00a0<strong>Mati<\/strong>\u00a0para obtener una vida de anaquel de hasta 72 horas.<\/li>\n<\/ul>","protected":false},"featured_media":817,"comment_status":"open","ping_status":"closed","template":"","meta":[],"product_cat":[203,197],"product_tag":[30,101,36,37,39,38,100,41,40,44,43],"_links":{"self":[{"href":"https:\/\/laveneciana.mx\/es_es\/wp-json\/wp\/v2\/product\/2686"}],"collection":[{"href":"https:\/\/laveneciana.mx\/es_es\/wp-json\/wp\/v2\/product"}],"about":[{"href":"https:\/\/laveneciana.mx\/es_es\/wp-json\/wp\/v2\/types\/product"}],"replies":[{"embeddable":true,"href":"https:\/\/laveneciana.mx\/es_es\/wp-json\/wp\/v2\/comments?post=2686"}],"version-history":[{"count":3,"href":"https:\/\/laveneciana.mx\/es_es\/wp-json\/wp\/v2\/product\/2686\/revisions"}],"predecessor-version":[{"id":4677,"href":"https:\/\/laveneciana.mx\/es_es\/wp-json\/wp\/v2\/product\/2686\/revisions\/4677"}],"wp:featuredmedia":[{"embeddable":true,"href":"https:\/\/laveneciana.mx\/es_es\/wp-json\/wp\/v2\/media\/817"}],"wp:attachment":[{"href":"https:\/\/laveneciana.mx\/es_es\/wp-json\/wp\/v2\/media?parent=2686"}],"wp:term":[{"taxonomy":"product_cat","embeddable":true,"href":"https:\/\/laveneciana.mx\/es_es\/wp-json\/wp\/v2\/product_cat?post=2686"},{"taxonomy":"product_tag","embeddable":true,"href":"https:\/\/laveneciana.mx\/es_es\/wp-json\/wp\/v2\/product_tag?post=2686"}],"curies":[{"name":"wp","href":"https:\/\/api.w.org\/{rel}","templated":true}]}}

Glassé &#8211; Meven

<p>Aplicaciones y decorados de pasteles, protege las frutas, aumenta vida de anaquel, libre de Gluten.</p>
<p>*Local: CDMX, Estado de México, Puebla Ciudad, Tlaxcala Ciudad, Cuernavaca, Querétaro Ciudad.</p>
<p>​**Foráneo: Resto del País.</p>
<p>***Solo ventas Nacionales</p>
<p><strong>&#8211; Checar las Promociones Vigentes directamente con el Asesor Comercial asignado.</strong></p>

<p>El Glassé se utiliza para decorar la pastelería y dar mayor vida de anaquel a la fruta. Los postres contarán con una mejor vista además de conseguir un sabor más rico, intensificando el olor de las frutas en el pastel.</p>
<ul>
<li>Características: Sabor y olor afrutado, da mejor vista al decorado. Vida de anaquel seis meses con el empaque cerrado.</li>
<li>Aplicaciones: Decora y resalta frutas en pays, pasteles, mousses, tartaletas y petit fours, aumentado potencialmente el sabor, olor y brillo. Se puede utilizar para pegar el decorado en los productos.</li>
<li>Recomendaciones: Se recomienda utilizar el glassé <strong>La Veneciana</strong> para obtener una vida de anaquel hasta de 96 horas. Se recomienda utilizar el glassé <strong>Mati</strong> para obtener una vida de anaquel de hasta 72 horas.</li>
</ul>
